e
Is 22 a factor of 1825086?
False
Does 82 divide 11996334?
False
Is 32727 a multiple of 5?
False
Is 440010 a multiple of 11?
False
Is 21 a factor of 629403?
False
Is 10170776 a multiple of 1738?
True
Is 175 a factor of 831468?
False
Is 734510 a multiple of 14?
True
Is 8018 a multiple of 19?
True
Is 14 a factor of 2722229?
False
Is 378531 a multiple of 5?
False
Is 146501 even?
False
Does 108 divide 5419235?
False
Does 6 divide 5023?
False
Does 6 divide 117522?
True
Is 817088 a multiple of 34?
True
Does 320 divide 49920?
True
Is 145 a factor of 848331?
False
Is 233 a factor of 98175?
False
Is 6642405 a multiple of 945?
True
Does 6 divide 53779?
False
Does 21 divide 1065666?
True
Does 5 divide 603360?
True
Is 145 a factor of 202565?
True
Is 1225231 a multiple of 91?
False
Does 35 divide 182210?
True
Does 1371 divide 6033771?
True
Does 1867 divide 24486205?
False
Is 27644 a multiple of 4?
True
Is 67 a factor of 663698?
False
Is 7 a factor of 198357?
False
Is 9 a factor of 1668716?
False
Does 27 divide 845413?
False
Is 115694 a multiple of 9?
False
Is 77 a factor of 2728033?
True
Is 11408043 a multiple of 67?
False
Is 67069 a multiple of 52?
False
Is 859484 a multiple of 388?
False
Does 6 divide 67002?
True
Is 14887 a multiple of 18?
False
Is 955 a multiple of 191?
True
Is 20 a factor of 179060?
True
Does 853 divide 3472563?
True
Is 47143 a multiple of 11?
False
Is 667 a factor of 1530174?
False
Is 333 a factor of 46953?
True
Is 12 a factor of 442284?
True
Is 2 a factor of 35896?
True
Does 1593 divide 6953445?
True
Is 24 a factor of 414264?
True
Is 19 a factor of 10344352?
False
Is 603232 a multiple of 105?
False
Is 8 a factor of 7019725?
False
Is 344000 a multiple of 500?
True
Is 65952 a multiple of 12?
True
Does 486 divide 4598819?
False
Does 45 divide 6650061?
False
Is 6 a factor of 2188916?
False
Is 1392 a factor of 4862401?
False
Is 5419411 a multiple of 92?
False
Is 1071308 a multiple of 7?
True
Does 151 divide 3938374?
False
Is 602491 a multiple of 301?
False
Is 499 a factor of 287424?
True
Is 129904 a multiple of 74?
False
Does 52 divide 928721?
False
Is 37 a factor of 36926?
True
Is 18570059 a multiple of 1302?
False
Is 816383 a multiple of 20?
False
Is 14 a factor of 1888530?
True
Does 31 divide 790903?
True
Is 8613 a multiple of 9?
True
Is 148932 a multiple of 27?
True
Does 118 divide 574188?
True
Is 43 a factor of 210642?
False
Is 272650 a multiple of 14?
True
Does 93 divide 994452?
False
Is 706 a multiple of 63?
False
Is 39078 a multiple of 117?
True
Does 59 divide 1921535?
False
Does 74 divide 514448?
True
Is 175218 a multiple of 38?
True
Is 125400 a multiple of 5?
True
Does 43 divide 162368?
True
Is 7000193 a multiple of 777?
False
Is 373 a factor of 277885?
True
Does 165 divide 184635?
True
Does 9 divide 169893?
True
Is 1879563 a multiple of 41?
True
Is 1376595 a multiple of 9?
True
Is 1098370 a multiple of 442?
True
Does 223 divide 1294069?
True
Is 13836 even?
True
Is 23676 a multiple of 8?
False
Is 10553564 a multiple of 6?
False
Does 132 divide 2037485?
False
Is 28038 a multiple of 10?
False
Is 829464 a multiple of 57?
True
Does 82 divide 604372?
False
Is 2683974 a multiple of 101?
True
Does 30 divide 1432645?
False
Does 15 divide 39053?
False
Is 135186 even?
True
Does 194 divide 136854?
False
Does 166 divide 86076?
False
Does 16 divide 801872?
True
Does 56 divide 2139816?
True
Does 251 divide 173901?
False
Does 45 divide 25290?
True
Is 1481 a factor of 3187112?
True
Does 11 divide 1171619?
False
Is 744120 a multiple of 689?
True
Is 157 a factor of 4590523?
True
Is 146894 a multiple of 111?
False
Is 6157323 a multiple of 37?
False
Is 12 a factor of 148746?
False
Does 49 divide 6182564?
False
Is 242870 a multiple of 163?
True
Is 19 a factor of 17312?
False
Is 35 a factor of 2143514?
False
Is 8 a factor of 65576?
True
Is 2766894 a multiple of 247?
True
Does 19 divide 336357?
True
Does 41 divide 65171?
False
Is 137 a factor of 179333?
True
Does 9 divide 6174414?
True
Is 13 a factor of 126105?
False
Is 142496 a multiple of 153?
False
Is 176050 a multiple of 175?
True
Does 173 divide 91943?
False
Is 29 a factor of 20950?
False
Is 24 a factor of 518932?
False
Is 35 a factor of 337050?
True
Is 16 a factor of 1332603?
False
Does 15 divide 1968915?
True
Is 5 a factor of 35884?
False
Is 62 a factor of 407154?
True
Is 39 a factor of 5771762?
False
Is 352 a factor of 2669920?
True
Is 2174589 a multiple of 160?
False
Is 2131304 a multiple of 24?
False
Is 618744 a multiple of 24?
True
Does 50 divide 2200?
True
Is 146 a factor of 1606?
True
Is 217 a factor of 963148?
False
Does 24 divide 820212?
False
Is 1035279 a multiple of 83?
False
Is 1197 a multiple of 171?
True
Is 23722 a multiple of 7?
False
Is 30 a factor of 18304647?
False
Is 75 a factor of 322061?
False
Does 96 divide 580739?
False
Is 286104 a multiple of 865?
False
Is 54 a factor of 811296?
True
Is 88 a factor of 1498239?
False
Does 162 divide 17517?
False
Does 335 divide 206025?
True
Is 25 a factor of 2491664?
False
Is 138 a factor of 45678?
True
Is 108 a factor of 171903?
False
Is 5547624 a multiple of 17?
False
Is 164 a factor of 4592?
True
Does 285 divide 4136756?
False
Is 39412 a multiple of 236?
True
Is 271 a factor of 168902?
False
Is 4 a factor of 98151?
False
Is 26 a factor of 3293720?
False
Is 50 a factor of 62144?
False
Does 248 divide 16062760?
False
Is 12405 a multiple of 36?
False
Is 673450 a multiple of 15?
False
Does 2178 divide 6771402?
True
Does 180 divide 873900?
True
Does 1623 divide 20182154?
False
Does 71 divide 3070858?
False
Is 772 a multiple of 11?
False
Is 33891 a multiple of 5?
False
Is 60399 a multiple of 40?
False
Does 33 divide 1030?
False
Is 85 a factor of 359550?
True
Does 42 divide 17038770?
True
Is 29 a factor of 5532167?
False
Is 10459134 a multiple of 172?
False
Is 1387837 a multiple of 51?
False
Is 71 a factor of 3542758?
True
Is 19 a factor of 120973?
True
Does 21 divide 2520437?
False
Does 1161 divide 12509775?
True
Does 46 divide 5613288?
True
Does 378 divide 832729?
False
Is 45789 a multiple of 78?
False
Is 817705 a multiple of 7?
True
Is 138 a factor of 557106?
True
Is 207333 a multiple of 7?
True
Is 156089 a multiple of 226?
False
Does 9 divide 1245888?
True
Is 716 a factor of 504780?
True
Is 2825008 a multiple of 39?
False
Is 11400360 a multiple of 12?
True
Is 9856236 a multiple of 1794?
True
Does 46 divide 8392964?
False
Does 174 divide 24558?
False
Is 300108 a multiple of 12?
True
Is 85525 a multiple of 275?
True
Is 367 a factor of 891076?
True
Is 625625 a multiple of 25?
True
Is 773820 a multiple of 45?
True
Is 390434 a multiple of 50?
False
Does 15 divide 8643075?
True
Is 4354992 a multiple of 612?
True
Does 133 divide 2599995?
False
Does 3 divide 1675963?
False
Is 89 a factor of 6242460?
True
Is 152161 a multiple of 133?
False
Is 18 a factor of 2921904?
True
Is 353 a factor of 26810?
False
Is 1540895 a multiple of 415?
True
Is 604485 a multiple of 1093?
False
Is 261241 a multiple of 51?
False
Is 21 a factor of 222736?
False
Is 21 a factor of 9769227?
False
Is 658 a factor of 3053778?
True
Does 187 divide 1677764?
True
Does 29 divide 308299?
True
Is 423111 a multiple of 39?
True
Is 8 a factor of 2051860?
False
Is 62073 a multiple of 121?
True
Does 98 divide 1210006?
True
Is 13 a factor of 69030?
True
Is 249124 a multiple of 6?
False
Is 2276337 a multiple of 623?
False
Is 248 a multiple of 62?
True
Is 213 a factor of 234513?
True
Is 14 a factor of 3482411?
False
Does 158 divide 1965836?
True
Does 4 divide 227328?
True
Does 9 divide 461799?
True
Is 4952674 a multiple of 9?
False
Is 23624 a multiple of 10?
False
Is 113126 a multiple of 247?
True
Is 3266880 a multiple of 64?
True
Does 73 divide 12410?
True
Is 62667 a multiple of 264?
False
Is 216 a factor of 803952?
True
Is 923 a factor of 3044054?
True
Does 285 divide 14961920?
False
Is 25 a factor of 6790425?
True
Does 525 divide 1839075?
True
Is 1255455 a multiple of 15?
True
Is 25515 a multiple of 7?
True
Does 15 divide 3218760?
True
Is 150921 a multiple of 282?
False
Is 120931 a multiple of 117?
False
Does 648 divide 3302082?
False
Does 25 divide 43849?
False
Is 48 a factor of 4983456?
True
Is 10427 a multiple of 4?
False
Is 1023443 a multiple of 641?
False
Is 142058 a multiple o